e of -9 - 32*r**3 + 30*r**i + 0*r - r + r**2. Calculate s(1).
-5
Let d = 53 - 47. Let g(s) = 5*s**2 - 10*s + 4. Let f(n) = 6*n**2 - 11*n + 4. Let z(w) = -w**2 - w - 4. Let h be z(0). Let x(u) = h*f(u) + 5*g(u). What is x(d)?
4
Let u(d) be the second derivative of d**2 + 1/6*d**3 + 0 - d. Determine u(2).
4
Suppose 2*s - 105 = z, 6 - 16 = -2*z. Let x(y) = -s*y**3 + 2*y - 4 + 57*y**3 - 3*y - 3*y**2. Give x(3).
20
Suppose -17*o + 8 = -21*o. Let x(i) = i**2 - 4*i + 1. Let z(a) = -a**2 + 5*a - 1. Let q(s) = -4*x(s) - 3*z(s). Determine q(o).
-7
Let k = 2 + 31. Let z(t) = 4*t + k - 2*t**3 + t**3 - 4*t**2 - 32. Determine z(-4).
-15
Let u(z) = 10*z + 1. Let f(s) = -5*s. Let a(m) = -5*f(m) - 2*u(m). Suppose n + 1 = -2. Let d(h) = -2*h - 4. Let x be d(n). What is a(x)?
8
Suppose -2*m - 6 = -2*z - 0, -44 = -3*z - 4*m. Let a(o) = o**3 - 9*o**2 + 11*o + 6. Calculate a(z).
30
Let v(w) = -8*w**2 - 2*w. Suppose 2*s - 959 = -955. What is v(s)?
-36
Let k(m) = -681*m + m**2 + 365*m + 330*m - 38. Give k(-18).
34
Let n = 1481 - 1480. Let d(b) = 1 + 0 + 2*b**2 + 5*b**3 - 3*b**2. What is d(n)?
5
Let v(d) be the third derivative of -d**6/120 + d**5/10 - 7*d**4/24 - d**3/3 - 38*d**2. Let m be 10/(-3)*18/(-12). Calculate v(m).
-12
Let l(f) be the third derivative of 1/2*f**3 - 1/180*f**6 - 1/120*f**5 + 0 - 1/24*f**4 - f**2 + 0*f. Let x(p) be the first derivative of l(p). Determine x(2).
-11
Suppose -4*k + 17 = -3. Suppose 7 - 42 = -k*p. Let t(f) = -f**3 + f**2 - f. Let a(v) = -5*v**3 + 12*v**2 - 13*v + 8. Let u(c) = -a(c) + 4*t(c). Determine u(p).
6
Let d(k) = 6*k + 33. Let u be d(-5). Let g(a) = 5*a - 4*a + 1 - 23*a**2 - u*a. What is g(1)?
-24
Let z = 122 - 128. Let k(x) = -x**3 - 4*x**2 + 8*x + 7. Give k(z).
31
Let d(m) = m**3 - 6*m**2 - 1. Suppose 3*y = 3*c - 195, 2*c = -4*y + 48 + 52. Let t = c - 54. Give d(t).
-1
Let v(k) = 88*k + 619. Let s be v(-7). Let r(g) = -2*g**2 + 8*g - 5. Give r(s).
1
Let v(q) be the second derivative of q**3/3 - 35*q**2/2 - 16*q - 10. Calculate v(0).
-35
Let r(h) = 1. Let j(m) = m**2 + m - 4. Let a(y) = j(y) + 3*r(y). Let b = 0 + 2. Suppose -2*i - d - 4 = 0, -b*i + 3*d + 1 = 5. Determine a(i).
1
Suppose 85*d - 28 = -4*m + 89*d, 0 = -2*d - 2. Let k(p) be the second derivative of -p**3/3 + 9*p**2/2 - p. Calculate k(m).
-3
Let h be (-6)/(-4) - 15/6. Let b = 6 + -17. Let q(t) = -9*t - 14. Let k(p) = 3*p + 5. Let s(w) = b*k(w) - 4*q(w). Determine s(h).
-2
Let u(y) = -y**2 - 2*y - 2. Suppose 2*m + 2*g + 5 = -5, -2*m + g = 7. Give u(m).
-10
Let v(f) = 9*f**2 - 7*f - 9. Let m(p) = p**2 - 2*p - 2. Let l(j) = 7*m(j) - v(j). Give l(-5).
-20
Let v be (1 + 11)*(-2)/4. Let t(q) = -q**3 - 6*q**2 + 5*q + 8. Calculate t(v).
-22
Suppose -2*u + 11 = 3*s, -5*u = -3*s - 0*s + 4. Let t(a) = 1 + a**3 - 2*a**2 - 4 - a - a**2. What is t(s)?
-6
Let v(h) = -h**3 + 8*h**2 + 7*h + 12. Let y = 55 - 55. Suppose y = -2*f - 4*b + 22, f + 6*b - b = 14. Give v(f).
-6
Suppose -3*s + 11*s - 56 = 0. Let w(b) = -2*b - 1. Calculate w(s).
-15
Let r(p) = -2*p**2 - 7*p - 4. Let z = -394 + 390. Calculate r(z).
-8
Let u(v) be the second derivative of v**3/6 - 7*v**2 - 5*v. Give u(11).
-3
Suppose 5*d - 3*g - 6 = 0, 4*d + 3*g - 3 = 6*g. Suppose 5*i - 2*i - 6 = k, k - d = 0. Let m = i - -1. Let p(r) = r**2 - 6*r + 6. What is p(m)?
-2
Let w(z) = -5*z + 213 - 407 + 214. Calculate w(7).
-15
Suppose 25 = 3*v + 2*l - 3*l, 0 = -2*l + 4. Let k(b) = -530*b**2 + 266*b**2 + 265*b**2 - v*b + 1. What is k(7)?
-13
Let g(j) = 1 - 118*j**2 - 116*j**2 - 114*j**2 - 119*j**2 + 460*j**2. Let b be (-2 - -2 - 1)*-1. Give g(b).
-6
Let q(x) = -1789*x + 3570*x - 2*x**2 - 7*x**2 - 1780*x. Calculate q(1).
-8
Suppose 4*i = 5*i. Let b(j) = 3*j + 8. Let d(y) = -16*y - 39. Suppose 4*h = -3*h - 77. Let m(g) = h*b(g) - 2*d(g). Determine m(i).
-10
Let h(r) be the third derivative of -1/60*r**5 + 0*r - 1/24*r**4 - 1/60*r**6 - r**2 + 0 + 0*r**3. Give h(-1).
2
Let u(f) = 2*f + 1. Suppose 0 = 5*c - 2 - 13. Let w(s) be the third derivative of s**4/24 - 2*s**3/3 - 4*s**2 + 19*s. Let j be w(c). Give u(j).
-1
Let b = 7 + -4. Suppose -5 + 8 = b*k. Let j(z) = 6*z**2 + 1. Calculate j(k).
7
Suppose -3*r = -u - 2 - 4, u + 5*r - 18 = 0. Let t be -2 + 10/2 + 0. Let m(s) = -s**3 - 5*s**2 - t*s**u - 4 + 3*s**3 + 9. Give m(-4).
-11
Let i be (-1 + 4 + (-3)/3)*3. Let u(f) be the second derivative of -f**3/6 - 19*f. Calculate u(i).
-6
Let p(l) = l**3 + 3*l**2 + 2*l. Let o be 6 - (12/(-10))/(12/(-80)). Calculate p(o).
0
Let w(x) = 3*x**3 - 18*x**2 + 23*x - 33. Let u(k) = -2*k**3 + 9*k**2 - 12*k + 17. Let a = -75 + 80. Let l(f) = a*u(f) + 3*w(f). Determine l(-10).
-4
Let l(t) be the first derivative of t**4/12 - t**3 + 5*t**2/2 - 35*t - 20. Let g(v) be the first derivative of l(v). Give g(4).
-3
Suppose r = -2*r - j + 19, 4*j - 21 = -r. Suppose -3*h = -r*h. Let b(i) = h - i + 2 + 2*i - 6. Give b(-6).
-10
Suppose -3*l = -b - 2*l, b - 2*l - 2 = 0. Let o(j) be the third derivative of j**5/12 + j**4/12 - j**3/3 + 2*j**2. Determine o(b).
14
Let n(y) = y**3 + y**2 - 2*y - 1. Let m be n(-2). Let q(x) be the third derivative of 19*x**6/120 - x**5/30 - x**4/24 - 2*x**2 - 61*x. Calculate q(m).
-20
Let w(a) = a - 5. Suppose -24*f = -8*f - 96. Give w(f).
1
Let y(l) = -l**2 + 8*l + 1. Let r be 48/3 - 8/1. What is y(r)?
1
Let j(q) = -4*q**2 + q + 1. Suppose -u + 2*b = -0*b - 2, -2*b = -5*u - 22. Let p be u/(-3) + (-3 - -3). Calculate j(p).
-13
Let t(c) = 81 + 88 + 6*c + 82 - 259 + c**2. Suppose 12 = -z - z. What is t(z)?
-8
Let v(z) = 75*z - 18. Let j(g) = 17*g - 4. Let m(t) = -9*j(t) + 2*v(t). Suppose -4*h + 3*f = -16 - 3, 4*h + 2*f + 6 = 0. Determine m(h).
-3
Let q = 368 - 374. Let w(n) = n**2 + 9*n. What is w(q)?
-18
Suppose 3*g = 5*r + 37, -g + 2*r + 30 = 4*g. Suppose 0 = -2*n + 6*n - 8, -g = -m + n. Let p(z) = -6*z - 2 + 4 + 5 + 7*z. Calculate p(m).
13
Let s(w) = -4*w + 53. Let p = 1988 + -1972. Determine s(p).
-11
Let o(c) = -11*c**3. Let t be 0/(3*(-6)/9). Suppose t = 14*m + 14. Determine o(m).
11
Let s(g) = -g**2 + 6*g + 6. Suppose -3*k + 2 = -4. Suppose 5*a - 2*y - 366 = 0, 3*a - k*a = -3*y + 63. Let x be (2/(-6))/((-4)/a). Determine s(x).
6
Suppose 303*p - 265*p = 152. Let n(q) = q**3 - 2*q**2 + q - 2. Determine n(p).
34
Let n(z) = -4*z**3 - 11*z**2 - 18*z - 27. Let v(i) = 3*i**3 + 7*i**2 + 12*i + 18. Let a(s) = 5*n(s) + 7*v(s). What is a(7)?
-2
Let y(u) = 3*u**2 + 4*u + 2. Let q(n) = n**2 - 4*n - 7. Let r be q(6). Suppose 15 = -r*f - 4*h, 2*f = f + 5*h - 3. Determine y(f).
17
Let s(r) = 3*r - 11. Let h(c) = 13*c - 44. Let b(o) = 2*h(o) - 9*s(o). Suppose 0*a + 3*a = 36. Suppose 11*j + a = 13*j. Give b(j).
5
Let h(g) = -4*g + 13. Let j(c) = -18*c + 66. Let o(z) = -14*h(z) + 3*j(z). Calculate o(12).
40
Let r(y) = 2*y**3 + y - 8. Let l(j) = -j**3 - j**2 + j + 1. Let c = 6 + -3. Let s(x) = c*l(x) + r(x). Give s(-4).
-5
Let i(u) be the first derivative of -5/3*u**3 + 1/4*u**4 - 6*u - 5 + 5/2*u**2. Determine i(4).
-2
Suppose 0 = 2*c + c - 9. Suppose 0*h = -3*v + h + 16, 0 = -4*v + 4*h + 24. Let p(f) = -6*f + 5. Let l(i) = 3*i - 3. Let d(m) = c*p(m) + v*l(m). Determine d(2).
-6
Suppose 4*i + 5*u - 128 = 0, -3*u + 32 + 30 = 2*i. Suppose i = 5*l + 12. Let c(d) = -150375*d + 150376*d - 1 - 1. Determine c(l).
3
Let z(f) = -4*f**2 + 2*f + 2. Let r = -263 + 265. What is z(r)?
-10
Suppose 2*f - 4 = 5*s, -5*s = 5*f - 10*s + 20. Let g(a) = -a**3 - 7*a**2 + 3*a - 10. What is g(f)?
30
Let a be 4/20 - 42/(-15). Let y(d) = 0 + d + 0*d - a - 2*d. What is y(7)?
-10
Let x(z) = 2*z + 9. Let j(o) = -2*o**2 + o - 2. Let r be j(1). Let h be x(r). Let g(t) = 5*t. What is g(h)?
15
Let m(w) = -10 - 5*w**2 + 11 + 6 + 2*w**2 - w - 3. Determine m(-2).
-6
Let u(y) = -y**2 + y - 2. Let j(l) = 22*l + 92. Let w be j(-4). What is u(w)?
-14
Let u(n) = -n**2 - 7*n - 2. Let k be u(-6). Let c(j) = 3*j**2 - j - 2. Let h be c(-1). Let z(f) = f**3 - 18 + 22 - f**2 + 0*f**h - 3*f**2. Calculate z(k).
4
Let n(t) = 0 - 10 + 6 + 0*t + 3*t. Let i = 7 + -4. What is n(i)?
5
Suppose 2*v = -4*g + 20, 52*g + v = 54*g - 10. Let l(t) = 2*t**2 - 8*t - 11. Calculate l(g).
-1
Let g(x) = x**3 - x**2 - x + 6. Suppose 2*z = -5*b + 25, b - 4*z = -2*z + 5. Suppose -b*y + 8*y = 9. Suppose -5*a = 3*r + r + 10, 0 = -y*a - 6. What is g(r)?
6
Let x(v) = -7*v**2 + 1. Let d(q) = -q**2 - 8*q - 13. Let z = 97 - 10